 multiple of 31?
True
Is 17483349 a multiple of 13?
True
Is 152123229 a multiple of 5216?
False
Is 2600 a factor of 204232296?
False
Is 3666821 a multiple of 12?
False
Does 677 divide 100051122?
True
Is 24 a factor of 49356904?
False
Is 4156 a factor of 633299592?
True
Is 15 a factor of 68471730?
True
Does 22 divide 370691244?
True
Does 193 divide 45104486?
True
Is 632036211 a multiple of 137?
True
Is 585 a factor of 15365879?
False
Is 1068899344 a multiple of 2326?
True
Does 244 divide 206132148?
False
Is 11 a factor of 23662396?
False
Does 5 divide 4331035?
True
Is 241 a factor of 20965240?
False
Is 58346692 a multiple of 1881?
False
Is 19974846 a multiple of 246?
False
Is 90 a factor of 56498040?
True
Does 1923 divide 41549219?
False
Does 820 divide 23752506?
False
Is 8 a factor of 55852842?
False
Does 388 divide 7765820?
True
Is 18899790 a multiple of 1911?
True
Does 25 divide 146765450?
True
Does 9 divide 60200379?
True
Is 967824392 a multiple of 22?
False
Is 154629828 a multiple of 18?
True
Is 93 a factor of 4450206240?
True
Is 335552460 a multiple of 61?
True
Does 4 divide 6877245?
False
Is 21402174 a multiple of 236?
False
Is 2319155 a multiple of 517?
False
Does 385 divide 1487973025?
True
Does 371 divide 189508788?
False
Does 382 divide 174419672?
True
Does 48 divide 38505374?
False
Is 2874723408 a multiple of 606?
True
Is 2038508147 a multiple of 16?
False
Does 13 divide 62852631?
False
Is 14 a factor of 1152450222?
True
Is 232 a factor of 18951675?
False
Is 27774394 a multiple of 1003?
False
Does 18 divide 38250918?
True
Does 4 divide 4697484?
True
Does 62 divide 40534050?
True
Does 222 divide 42109182?
True
Does 4881 divide 186592999?
False
Is 3151225086 a multiple of 1356?
False
Is 4800493 a multiple of 331?
True
Does 2359 divide 1730128288?
False
Does 2131 divide 3092330327?
True
Is 2170890921 a multiple of 272?
False
Is 96608185 a multiple of 12?
False
Is 525 a factor of 104754707?
False
Is 284 a factor of 334812712?
True
Is 67796784 a multiple of 54?
True
Does 137 divide 41756303?
False
Does 758 divide 42743620?
True
Does 1708 divide 34527220?
True
Does 1646 divide 612792632?
True
Is 29 a factor of 76266653?
False
Does 289 divide 50087926?
False
Does 281 divide 13361269?
True
Is 217420415 a multiple of 5?
True
Is 207163740 a multiple of 74?
True
Does 9 divide 16448388?
False
Is 24 a factor of 10203288?
True
Is 54 a factor of 2056947?
False
Is 2544 a factor of 933099206?
False
Is 35 a factor of 96461812?
False
Is 440 a factor of 254889971?
False
Is 807 a factor of 310184249?
False
Does 9 divide 68522820?
False
Is 1918734863 a multiple of 180?
False
Does 43 divide 1265662?
True
Does 7429 divide 2749470414?
False
Is 370668 a multiple of 276?
True
Is 2021103025 a multiple of 3?
False
Is 84 a factor of 139699056?
True
Is 22 a factor of 78092828?
True
Is 62704825 a multiple of 37?
True
Is 382152979 a multiple of 3779?
False
Is 4101 a factor of 105696270?
False
Does 74 divide 348905338?
True
Does 46 divide 441510731?
False
Is 4693860 a multiple of 1335?
True
Is 6410824112 a multiple of 88?
True
Is 21701169 a multiple of 3141?
True
Is 5824405 a multiple of 6?
False
Is 10 a factor of 47499280?
True
Is 66 a factor of 26517150?
True
Does 1522 divide 89560155?
False
Does 484 divide 31578096?
True
Does 6 divide 205482590?
False
Does 3 divide 11322?
True
Is 1013140740 a multiple of 42?
False
Does 133 divide 12800053?
True
Does 13 divide 7383381660?
False
Is 1107339452 a multiple of 12?
False
Is 777655788 a multiple of 3108?
True
Does 311 divide 470804558?
False
Is 152290008 a multiple of 4789?
False
Does 329 divide 276446527?
True
Is 6 a factor of 52174387?
False
Is 200 a factor of 13038600?
True
Is 10 a factor of 58936760?
True
Is 805 a factor of 122491262?
False
Is 14493871 a multiple of 53?
False
Is 15977177 a multiple of 27?
False
Is 358997727 a multiple of 9?
False
Does 30 divide 22571147?
False
Does 18 divide 597066470?
False
Does 91 divide 3968954535?
True
Does 143 divide 739983860?
False
Is 41807194 a multiple of 194?
True
Is 138023600 a multiple of 94?
False
Is 2 a factor of 5179096?
True
Does 1691 divide 171031475?
False
Does 215 divide 304708791?
False
Is 195624004 a multiple of 12?
False
Does 217 divide 5632452?
True
Is 2816 a factor of 85476259?
False
Does 8774 divide 4456261956?
True
Does 156 divide 22328904?
True
Is 89 a factor of 42509232?
False
Does 1498 divide 47640894?
True
Is 333 a factor of 4903129?
False
Is 30 a factor of 38824737?
False
Does 104 divide 32707168?
True
Is 461720994 a multiple of 17?
False
Is 208 a factor of 13650000?
True
Does 23 divide 6801284?
True
Is 108957289 a multiple of 11?
False
Is 160226337 a multiple of 119?
False
Is 15098160 a multiple of 132?
True
Does 2 divide 2702755?
False
Is 413512000 a multiple of 138?
False
Does 780 divide 228413640?
True
Is 898 a factor of 65809930?
True
Is 14 a factor of 96364598?
False
Is 1407 a factor of 44990232?
True
Is 103 a factor of 263808144?
False
Does 129 divide 52313370?
True
Is 84375769 a multiple of 1272?
False
Does 6 divide 12061799?
False
Is 248 a factor of 621453187?
False
Does 23 divide 1881762411?
True
Is 16 a factor of 251823670?
False
Is 5749361999 a multiple of 13?
False
Does 1872 divide 433731168?
True
Is 34059785 a multiple of 2?
False
Is 124086560 a multiple of 353?
True
Is 12484365 a multiple of 219?
False
Is 254810058 a multiple of 157?
True
Does 2692 divide 59722020?
True
Is 151 a factor of 8584277?
False
Is 585238500 a multiple of 25?
True
Is 77552496 a multiple of 144?
True
Is 641604134 a multiple of 1273?
False
Does 48 divide 407775306?
False
Is 39443456 a multiple of 104?
True
Is 535237670 a multiple of 12?
False
Is 16535775 a multiple of 47?
True
Does 267 divide 5561463150?
True
Does 711 divide 469877499?
False
Does 618 divide 1218542835?
False
Is 99908238 a multiple of 3284?
False
Does 7 divide 213609747?
False
Is 29 a factor of 101318317?
False
Is 65198322 a multiple of 203?
True
Is 107527805 a multiple of 77?
True
Is 2 a factor of 34816075?
False
Does 45 divide 1639305?
True
Is 397910051 a multiple of 23?
True
Is 141541445 a multiple of 234?
False
Is 12 a factor of 4835820?
True
Is 473679728 a multiple of 397?
False
Does 7 divide 29436190?
True
Does 198 divide 5257098?
True
Does 39 divide 990499575?
True
Is 160 a factor of 56973120?
True
Is 170 a factor of 34597319?
False
Is 26 a factor of 4000258522?
True
Is 109 a factor of 212281191?
False
Does 17 divide 304970276?
True
Does 4569 divide 377749746?
False
Is 315024157 a multiple of 967?
False
Is 477 a factor of 709427313?
True
Is 3866141888 a multiple of 12074?
False
Is 35127048 a multiple of 264?
True
Is 2560 a factor of 179159040?
True
Is 2332824413 a multiple of 13?
False
Is 68 a factor of 864677613?
False
Is 8 a factor of 120422648?
True
Does 10 divide 15865009?
False
Is 30632149 a multiple of 29?
True
Is 32785545 a multiple of 32?
False
Is 105 a factor of 54278070?
True
Is 608063331 a multiple of 87?
False
Is 339163248 a multiple of 5116?
False
Does 105 divide 2519823?
False
Is 334398480 a multiple of 247?
True
Does 1553 divide 40444988?
False
Is 128 a factor of 441168896?
True
Is 5557892 a multiple of 9?
False
Is 13740385 a multiple of 89?
False
Is 70 a factor of 700275800?
True
Does 26 divide 716366708?
False
Does 667 divide 1032045829?
False
Is 29839170 a multiple of 71?
True
Does 8 divide 9575320?
True
Is 27518183 a multiple of 7?
True
Does 5 divide 16189930?
True
Does 1030 divide 54047563?
False
Is 26131900 a multiple of 50?
True
Is 466296734 a multiple of 42?
False
Is 1830 a factor of 27289367?
False
Is 94814749 a multiple of 1600?
False
Is 2272214 even?
True
Is 1200530 even?
True
Is 219438048 a multiple of 14?
False
Is 278 a factor of 952947304?
True
Does 6 divide 12357246?
True
Is 5962092 even?
True
Is 84160300 a multiple of 1004?
True
Does 229 divide 268044271?
True
Is 67809142 a multiple of 6?
False
Is 544408 even?
True
Is 22082401 a multiple of 854?
False
Does 28 divide 206209024?
True
Is 14992665 a multiple of 22?
False
Is 5852850 a multiple of 63?
False
Is 4 a factor of 33612081?
False
Does 402 divide 1153022028?
True
Does 897 divide 290753580?
True
Is 396 a factor of 448468538?
False
Does 245 divide 2800137585?
True
Is 1974929 a multiple of 319?
True
Is 3066 